ds digit of 703321?
0
What is the hundreds digit of 5745064?
0
What is the hundred thousands digit of 557187?
5
What is the hundred thousands digit of 330378?
3
What is the units digit of 521968?
8
What is the ten thousands digit of 185124?
8
What is the millions digit of 3371714?
3
What is the ten thousands digit of 217334?
1
What is the thousands digit of 101137?
1
What is the ten thousands digit of 2023567?
2
What is the units digit of 191027?
7
What is the thousands digit of 127674?
7
What is the millions digit of 1705071?
1
What is the hundreds digit of 32454998?
9
What is the hundreds digit of 1604?
6
What is the thousands digit of 115151?
5
What is the ten thousands digit of 2409371?
0
What is the thousands digit of 1125593?
5
What is the hundreds digit of 1087611?
6
What is the hundred thousands digit of 408319?
4
What is the thousands digit of 343593?
3
What is the hundred thousands digit of 153887?
1
What is the hundred thousands digit of 295465?
2
What is the hundred thousands digit of 2347552?
3
What is the thousands digit of 157814?
7
What is the thousands digit of 3308958?
8
What is the hundred thousands digit of 5711568?
7
What is the thousands digit of 2644686?
4
What is the millions digit of 4112886?
4
What is the thousands digit of 166853?
6
What is the thousands digit of 521632?
1
What is the units digit of 381911?
1
What is the hundreds digit of 300628?
6
What is the ten thousands digit of 25836270?
3
What is the hundreds digit of 989147?
1
What is the units digit of 15596830?
0
What is the units digit of 439558?
8
What is the thousands digit of 51454?
1
What is the hundred thousands digit of 2743926?
7
What is the thousands digit of 340445?
0
What is the hundreds digit of 148638?
6
What is the millions digit of 3121027?
3
What is the hundreds digit of 29114199?
1
What is the thousands digit of 421140?
1
What is the units digit of 4219281?
1
What is the hundreds digit of 818619?
6
What is the hundreds digit of 16226628?
6
What is the thousands digit of 149089?
9
What is the millions digit of 5900210?
5
What is the millions digit of 1617370?
1
What is the ten thousands digit of 4545126?
4
What is the millions digit of 2866014?
2
What is the thousands digit of 912268?
2
What is the hundred thousands digit of 3917851?
9
What is the tens digit of 19865459?
5
What is the hundreds digit of 7998352?
3
What is the hundreds digit of 2091884?
8
What is the ten thousands digit of 2622646?
2
What is the units digit of 649611?
1
What is the ten thousands digit of 44915?
4
What is the tens digit of 6564956?
5
What is the ten millions digit of 13615631?
1
What is the thousands digit of 3717550?
7
What is the thousands digit of 1969893?
9
What is the thousands digit of 7690697?
0
What is the units digit of 410437?
7
What is the hundreds digit of 200152?
1
What is the tens digit of 6890279?
7
What is the hundreds digit of 6703836?
8
What is the hundreds digit of 2958249?
2
What is the hundreds digit of 9035891?
8
What is the ten thousands digit of 8695111?
9
What is the hundreds digit of 28036726?
7
What is the hundred thousands digit of 33566434?
5
What is the ten thousands digit of 725811?
2
What is the tens digit of 143698?
9
What is the hundreds digit of 451090?
0
What is the hundred thousands digit of 137065?
1
What is the hundreds digit of 643832?
8
What is the hundred thousands digit of 766652?
7
What is the tens digit of 21154729?
2
What is the hundreds digit of 430670?
6
What is the units digit of 668106?
6
What is the tens digit of 8899006?
0
What is the thousands digit of 2046477?
6
What is the hundreds digit of 152116?
1
What is the ten thousands digit of 196635?
9
What is the thousands digit of 483666?
3
What is the thousands digit of 1948?
1
What is the ten thousands digit of 439705?
3
What is the units digit of 938195?
5
What is the hundred thousands digit of 7422671?
4
What is the hundred thousands digit of 520129?
5
What is the units digit of 2652405?
5
What is the hundreds digit of 761832?
8
What is the ten thousands digit of 502578?
0
What is the millions digit of 19277442?
9
What is the units digit of 1885380?
0
What is the hundred thousands digit of 468093?
4
What is the hundreds digit of 244955?
9
What is the tens digit of 12642532?
3
What is the units digit of 1520820?
0
What is the units digit of 2315847?
7
What is the ten thousands digit of 939240?
3
What is the tens digit of 1021620?
2
What is the hundred thousands digit of 280652?
2
What is the hundred thousands digit of 6787420?
7
What is the units digit of 62859?
9
What is the thousands digit of 1279736?
9
What is the millions digit of 7839011?
7
What is the thousands digit of 1611773?
1
What is the hundreds digit of 229738?
7
What is the ten thousands digit of 347452?
4
What is the millions digit of 18407643?
8
What is the ten thousands digit of 38209?
3
What is the units digit of 3150271?
1
What is the hundred thousands digit of 1343650?
3
What is the hundreds digit of 37018?
0
What is the ten thousands digit of 405380?
0
What is the units digit of 131184?
4
What is the millions digit of 5573094?
5
What is the hundreds digit of 84633?
6
What is the units digit of 1663925?
5
What is the millions digit of 13595767?
3
What is the ten thousands digit of 4092285?
9
What is the units digit of 1392649?
9
What is the hundreds digit of 1093675?
6
What is the units digit of 17377753?
3
What is the ten thousands digit of 23574595?
7
What is the hundreds digit of 81036?
0
What is the thousands digit of 1220234?
0
What is the units digit of 1529731?
1
What is the thousands digit of 15527192?
7
What is the units digit of 5717303?
3
What is the hundred thousands digit of 761231?
7
What is the units digit of 14129737?
7
What is the hundreds digit of 160650?
6
What is the hundred thousands digit of 2696013?
6
What is the tens digit of 23127449?
4
What is the hundreds digit of 885236?
2
What is the millions digit of 1688511?
1
What is the thousands digit of 326035?
6
What is the hundred thousands digit of 551103?
5
What is the tens digit of 709181?
8
What is the ten thousands digit of 1371155?
7
What is the millions digit of 9758315?
9
What is the tens digit of 38831040?
4
What is the hundreds digit of 12856269?
2
What is the ten thousands digit of 253793?
5
What is the hundreds digit of 87389?
3
What is the thousands digit of 2237622?
7
What is the hundreds digit of 82194?
1
What is the ten thousands digit of 849518?
4
What is the hundreds digit of 211983?
9
What is the tens digit of 1237154?
5
What is the millions digit of 5612920?
5
What is the ten thousands digit of 2233064?
3
What is the hundred thousands digit of 602165?
6
What is the tens digit of 32844238?
3
What is the ten millions digit of 21540632?
2
What is the thousands digit of 9992251?
2
What is the hundred thousands digit of 399074?
3
What is the thousands digit of 1614576?
4
What is the millions digit of 8114269?
8
What is the units digit of 225593?
3
What is the millions digit of 1553331?
1
What is the hundreds digit of 11738385?
3
What is the hundreds digit of 207665?
6
What is the ten thousands digit of 942943?
4
What is the tens digit of 1156925?
2
What is the units digit of 169938?
8
What is the thousands digit of 547351?
7
What is the units digit of 390135?
5
What is the thousands digit of 57354?
7
What is the hundred thousands digit of 30425832?
4
What is the tens digit of 12952355?
5
What is the ten thousands digit of 3897310?
9
What is the tens digit of 1604821?
2
What is the millions digit of 20769040?
0
What is the units digit of 24167504?
4
What is the thousands digit of 2593713?
3
What is the ten millions digit of 15662673?
1
What is the thousands digit of 2434138?
4
What is the tens digit of 9076986?
8
What is the tens digit of 207381?
8
What is the units digit of 692538?
8
What is the ten thousands digit of 19087170?
8
What is the units digit of 725727?
7
What is the ten thousands digit of 16799845?
9
What is the hundred thousands digit of 630969?
6
What is the millions digit of 1316437?
1
What is the hundred thousands digit of 1583335?
5
What is the thousands digit of 4620565?
0
What is the thousands digit of 675395?
5
What is the hundred thousands digit of 675429?
6
What is the thousands d